 What is the highest common factor of m and n?
7
Let a(g) be the third derivative of 5*g**4/6 + g**3/6 + 17*g**2. Let c be a(1). Let b be (20/(-4) - -6) + c/1. What is the highest common factor of 154 and b?
22
Let p = -898 + 809. Let t = -9 - p. Calculate the greatest common divisor of 30 and t.
10
Let x = 96 + 214. Let d = x + -166. Let j = 7502 - 7493. Calculate the greatest common factor of d and j.
9
Let t = 3675 - 2729. What is the highest common divisor of t and 22?
22
Suppose 0 = 5*x - 3 - 17. Let o = 363 - 347. Suppose o*q = x*q + 180. Calculate the highest common divisor of 15 and q.
15
Let j(x) = x**2 + 113*x - 1596. Let o be j(-149). What is the highest common divisor of o and 24?
24
Suppose 47*f - 5*f - 924 = 0. Suppose 3*u + z = -4*z + f, 5*z = -4*u + 31. Calculate the highest common divisor of u and 42.
3
Suppose -4 + 4 = 8*j. Suppose -y = 4*g + 1 - 25, j = 4*g - y - 32. Suppose -215 = -4*m - 19. What is the greatest common factor of g and m?
7
Let r be (4*(-1)/(-8))/((-32)/(-448)). Calculate the greatest common divisor of 4291 and r.
7
Let n = 519 + -1076. Let m = n - -789. Let l be (((-58)/(-6))/1)/(7 + 540/(-81)). Calculate the greatest common divisor of m and l.
29
Let u = 4374 + 2550. What is the highest common factor of 36 and u?
12
Let f be 2/(-10)*-10 - (5 - 44). What is the highest common divisor of 6 and f?
1
Let x = -2767 - -3812. Calculate the highest common divisor of 285 and x.
95
Suppose -2*r = 2*v - 22, r - 2*v + 50 = 5*r. Suppose 6*q + r = 5*j + 4*q, -15 = -5*q. Calculate the greatest common divisor of 8 and j.
4
Let z = 8 - 6. Suppose -260 = -4*n + z*n - 4*c, 0 = -2*n + c + 235. Suppose -45*d + 209*d - 5688 = -73*d. What is the highest common factor of d and n?
24
Let z = -1152 + 1164. Suppose 3*q = -6 + 15. Suppose -3*n + 3*g = -z, q*n + 0*g + 4*g = 12. What is the greatest common factor of 52 and n?
4
Let q be (153/(-12) - 0)/(9/(-12)). Suppose -2*p + 56 = 4*x, -q*p - 46 = -18*p + 4*x. Calculate the highest common factor of p and 306.
34
Let g = 10 + -20. Let v = -2 - g. Suppose -6*r + 16 = -v. Calculate the greatest common divisor of 4 and r.
4
Suppose 0 = -y + 4, -4*l + 5*y = -39 - 189. Suppose -v - 11 + l = 0. Let o = v + -46. Calculate the greatest common divisor of 15 and o.
5
Let r be (28 + (-3)/(-2)*-4)/(5/10). Let t be -15 + 499 + 0/2. Calculate the highest common divisor of r and t.
44
Suppose 5*g = 20, -3*g = 6*a - 2*a - 132. Suppose l + 303 = 5*p + 122, -3*p + l + 109 = 0. Calculate the highest common factor of p and a.
6
Let f(b) = -17*b - 28. Let d be f(-3). Suppose -20*x - 84 = -d*x. Calculate the highest common divisor of 35 and x.
7
Let w = 3606 + -3412. Calculate the greatest common divisor of 1261 and w.
97
Let t be ((-3)/5)/((-9)/30). Let m = t + -3. Let v = 2 + m. Calculate the highest common divisor of v and 1.
1
Suppose -49 = -r - 4*r - 3*o, -r - 5*o + 1 = 0. Let i be 12/7 - (-4)/14. Suppose -i*c + 5 + r = 0. What is the highest common divisor of 32 and c?
8
Let a be (7/5 + 8/(-20))*(5 - -86). Calculate the greatest common divisor of 2366 and a.
91
Suppose 3 = 2*z - 5. Let h = 9765 + -9749. What is the greatest common divisor of h and z?
4
Suppose 29*h = 23*h + 1350. Let t = 279 - h. Let c(f) = 44*f + 3. Let l be c(3). Calculate the highest common divisor of t and l.
27
Let k be (22/(-2))/((-8)/(-18288)*(-2 + -1)). What is the highest common factor of k and 6?
6
Let c = 13 - 12. Suppose 5 = j + c. Suppose h + 0 - 5 = -j*x, 3*h = 2*x + 1. Calculate the greatest common factor of h and 2.
1
Let h be ((-8)/(-3))/(4/771). What is the highest common factor of h and 8?
2
Let q = 13892 + -12552. Calculate the highest common factor of 1072 and q.
268
Suppose -4*t - 29 - 147 = -2*a, 2*t - 428 = -5*a. Let k = -61 + a. Let h(l) = 5*l**2 - 34*l + 51. Let b be h(9). What is the highest common divisor of b and k?
25
Let q be 95 + (0 - -3)/3. Let f(z) = 177*z - 676. Let x be f(4). Calculate the greatest common factor of q and x.
32
Let n(g) = 4*g - 134. Let m be -1*19/((-19)/36). Let j be n(m). What is the greatest common factor of j and 220?
10
Let i(y) = -2*y**3 - 4*y**2 - 4*y + 54. Let w be i(-7). What is the highest common divisor of 1408 and w?
44
Suppose -3*a + 128 + 13 = 0. Let s(h) = 49*h - 278. Let q be s(7). Let g = q - a. Calculate the highest common factor of 9 and g.
9
Suppose 4*v - 20 = 2*u, 3*u - 4*v = -2*u - 20. Let m be -1*(-2)/(-4)*u + 2. Calculate the greatest common factor of 4 and m.
2
Let c(u) = 34*u + 2553. Let n be c(-37). What is the highest common factor of n and 7?
7
Suppose 89*r - 31840 = 111628. Calculate the highest common factor of r and 16.
4
Let r be 311*(8 - (-78)/(-21) - (-4)/(-14)). Calculate the greatest common factor of 8 and r.
4
Suppose 22570 = 35*a - 7053 - 687. Calculate the highest common factor of 6 and a.
2
Let k(j) = j**2 + 6. Let y be k(5). Suppose -v - 3*m = -722, -423*v + 426*v = -3*m + 2148. Calculate the greatest common factor of v and y.
31
Suppose 43*f + 235740 - 963558 = 0. What is the highest common divisor of f and 7?
7
Let f be (-4)/3*(-750)/4. Let t be 24/(-3)*((-12)/14 + 755/(-140)). What is the highest common divisor of t and f?
50
Let k = 3282 + -2358. Calculate the highest common factor of k and 660.
132
Let a be 23/4 + (-22)/(-88). Let c = -45 - -69. Let w be (-8)/c - (-46)/3. Calculate the highest common factor of w and a.
3
Let s be (-1)/(86/(-17) - -5). Suppose 7*x - s = 25. Let c(o) = 11*o - 10. Let u be c(x). Calculate the highest common factor of u and 7.
7
Let k = 5978 - 1452. What is the greatest common factor of 124 and k?
62
Let i be (10/(-6))/((-1)/90). Let t be (14/8)/((-37)/(-148)). Suppose -3*c - 11*n = -t*n - 98, -n + 32 = c. Calculate the highest common divisor of i and c.
30
Let z be 8/((-8)/5) + 5. Let h be (-85)/(-170) - (z + (-19)/2). What is the highest common divisor of h and 310?
10
Let y be -85*((-1)/(-10))/((-1)/34). Suppose 0 = -2*k - 0*k + 68. What is the greatest common factor of k and y?
17
Let x be (-4 - 8)*(-10)/8. Let c = x + -3. Suppose 13*u - c*u - 1 = 0. What is the greatest common factor of u and 11?
1
Suppose 0 = -k + 19 + 1. Let o = 50 + 38. Let u = o + -28. Calculate the highest common divisor of k and u.
20
Suppose 307 = 3*v - i, 0 = 280*v - 279*v - 3*i - 89. Calculate the highest common factor of 1703 and v.
13
Suppose -34 = 5*k + 3*r - 104, -3*k - r = -42. Suppose 17*v - 42 = 11*v. Let h be (20 + 2 - 4)*v. Calculate the highest common factor of k and h.
14
Suppose a = 13 + 12. Let s = 78 + -24. Let b be (-405)/s*(2 + 32/(-6)). What is the highest common divisor of b and a?
25
Let x = -22 - -54. Let d(p) = 3*p + 48. Suppose -2*l - 2*n + 15 - 5 = 0, 3*l - 3*n = -15. Let h be d(l). Calculate the highest common divisor of x and h.
16
Suppose 4*v - 2*f - 61 = -3*f, v = 3*f + 12. Suppose v*i - 101 - 4 = 0. Calculate the highest common factor of 1 and i.
1
Let j be -1 - (-12 - 97)*1. Calculate the highest common factor of 2322 and j.
54
Suppose -34*s - 405 = -49*s. Let u(h) = 25*h - 91. Let i be u(22). Calculate the highest common divisor of i and s.
27
Suppose 257*a = -247*a - 172 + 2692. Let x be ((-2)/4)/((-2)/460). Calculate the greatest common divisor of x and a.
5
Let o(x) = -15*x - 84. Let k be o(30). Let m = -138 - k. What is the highest common divisor of m and 88?
44
Suppose 0 = -2*v + 8*v - 66. Suppose 3052 = -100*l + 153752. Calculate the greatest common factor of v and l.
11
Suppose -58 = -29*b - 0*b. Suppose 3*t - b*t = 4*u - 676, 4*t = u - 184. Calculate the greatest common divisor of u and 6.
6
Let z(h) = -h**2 - 9*h - 8. Let c be z(-5). Suppose 0 = -4*x + 6*x - c. Let p be (-18)/(-10)*20/x. Calculate the highest common factor of p and 6.
6
Let i = 17220 - 15320. Calculate the greatest common factor of 513 and i.
19
Suppose -3*b = 21, 410*c + b = 415*c - 292. What is the highest common factor of 3173 and c?
19
Let u = 8472 + -7889. Calculate the greatest common factor of 55 and u.
11
Let w(n) = 15*n - 83. Let t be w(5). Let g be (-12 - -8)/((14/t)/7). Let j = 42 - -86. Calculate the highest common divisor of g and j.
16
Suppose 370*d = -133*d + 1007194 + 1218581. What is the greatest common divisor of d and 525?
75
Let f = -81 + 84. Suppose 2*y = -f*y + 305. Suppose -187 = -9*h - y. Calc